{"id":14,"date":"2013-07-26T14:37:11","date_gmt":"2013-07-26T12:37:11","guid":{"rendered":"http:\/\/www.anticalocanda.eu\/?page_id=14"},"modified":"2020-07-26T10:26:27","modified_gmt":"2020-07-26T08:26:27","slug":"ristorante","status":"publish","type":"page","link":"https:\/\/www.anticalocanda.eu\/?page_id=14","title":{"rendered":"RISTORANTE"},"content":{"rendered":"<p><a href=\"https:\/\/www.anticalocanda.eu\/wp-content\/uploads\/2020\/07\/Ristorante-1-scaled.jpg\"><img loading=\"lazy\" decoding=\"async\" class=\"wp-image-358  aligncenter\" src=\"https:\/\/www.anticalocanda.eu\/wp-content\/uploads\/2020\/07\/Ristorante-1-1024x351.jpg\" alt=\"\" width=\"574\" height=\"197\" srcset=\"https:\/\/www.anticalocanda.eu\/wp-content\/uploads\/2020\/07\/Ristorante-1-1024x351.jpg 1024w, https:\/\/www.anticalocanda.eu\/wp-content\/uploads\/2020\/07\/Ristorante-1-300x103.jpg 300w, https:\/\/www.anticalocanda.eu\/wp-content\/uploads\/2020\/07\/Ristorante-1-768x263.jpg 768w, https:\/\/www.anticalocanda.eu\/wp-content\/uploads\/2020\/07\/Ristorante-1-1536x527.jpg 1536w, https:\/\/www.anticalocanda.eu\/wp-content\/uploads\/2020\/07\/Ristorante-1-2048x702.jpg 2048w\" sizes=\"auto, (max-width: 574px) 100vw, 574px\" \/><\/a><a href=\"https:\/\/www.anticalocanda.eu\/wp-content\/uploads\/2013\/07\/logo04.jpg\"><br \/><\/a>Il ristorante Antica Locanda, caldo e accogliente, con la sua cucina tradizionale circondato dal bellissimo ambiente del borgo di Pietracamela. \u00c8 in queste antiche mura che si trova il ristorante, atmosfera romantica, come si addice a una dimora di montagna. Con passione e professionalit\u00e0 abbiamo saputo costruire un rifugio gastronomico fatto di piatti naturali e gustosi, dove fantasia e creativit\u00e0 trovano grande spazio sia nell\u2019abbinamento dei sapori che nella presentazione dei piatti.<br \/>Grande attenzione al territorio attraverso l\u2019utilizzo di prodotti locali e stagionali: uno sguardo profondo alle tradizioni. La cantina \u00e8 ben fornita in qualit\u00e0 e quantit\u00e0: si contano circa 10 etichette nazionali.<\/p>\n<p><a href=\"https:\/\/www.anticalocanda.eu\/wp-content\/uploads\/2013\/07\/logo04.jpg\"><img loading=\"lazy\" decoding=\"async\" class=\"aligncenter size-full wp-image-171\" src=\"https:\/\/www.anticalocanda.eu\/wp-content\/uploads\/2013\/07\/logo04.jpg\" alt=\"logo04\" width=\"650\" height=\"228\" srcset=\"https:\/\/www.anticalocanda.eu\/wp-content\/uploads\/2013\/07\/logo04.jpg 650w, https:\/\/www.anticalocanda.eu\/wp-content\/uploads\/2013\/07\/logo04-300x105.jpg 300w\" sizes=\"auto, (max-width: 650px) 100vw, 650px\" \/><\/a><\/p>\n<p>\u00a0<\/p>\n<p style=\"text-align: center;\"><a href=\"http:\/\/www.tripadvisor.it\/Restaurant_Review-g1632625-d3347891-Reviews-Antica_Locanda-Pietracamela_Province_of_Teramo_Abruzzo.html\" target=\"_blank\" rel=\"noopener noreferrer\"><img loading=\"lazy\" decoding=\"async\" class=\"aligncenter  wp-image-241\" src=\"https:\/\/www.anticalocanda.eu\/wp-content\/uploads\/2013\/07\/Trip-Advisor-logo2-300x300.jpg\" alt=\"Trip-Advisor-logo2\" width=\"180\" height=\"180\" srcset=\"https:\/\/www.anticalocanda.eu\/wp-content\/uploads\/2013\/07\/Trip-Advisor-logo2-300x300.jpg 300w, https:\/\/www.anticalocanda.eu\/wp-content\/uploads\/2013\/07\/Trip-Advisor-logo2-150x150.jpg 150w, https:\/\/www.anticalocanda.eu\/wp-content\/uploads\/2013\/07\/Trip-Advisor-logo2-184x184.jpg 184w, https:\/\/www.anticalocanda.eu\/wp-content\/uploads\/2013\/07\/Trip-Advisor-logo2.jpg 618w\" sizes=\"auto, (max-width: 180px) 100vw, 180px\" \/><\/a><\/p>\n<p>\u00a0<\/p>\n<p style=\"text-align: center;\">\u00a0<\/p>\n\n\n<div class=\"wp-block-file\"><a href=\"https:\/\/www.anticalocanda.eu\/wp-content\/uploads\/2020\/07\/Men\u00f9-Luglio-2020.pdf\">Men\u00f9 Luglio 2020<\/a><a href=\"https:\/\/www.anticalocanda.eu\/wp-content\/uploads\/2020\/07\/Men\u00f9-Luglio-2020.pdf\" class=\"wp-block-file__button\" download>Download<\/a><\/div>\n","protected":false},"excerpt":{"rendered":"<p>Il ristorante Antica Locanda, caldo e accogliente, con la sua cucina tradizionale circondato dal bellissimo ambiente del borgo di Pietracamela. \u00c8 in queste antiche mura che si trova il ristorante, atmosfera romantica, come si addice a una dimora di montagna. Con passione e professionalit\u00e0 abbiamo saputo costruire un rifugio gastronomico fatto di piatti naturali e [&hellip;]<\/p>\n","protected":false},"author":1,"featured_media":0,"parent":0,"menu_order":6,"comment_status":"open","ping_status":"open","template":"","meta":{"footnotes":""},"class_list":["post-14","page","type-page","status-publish","hentry"],"_links":{"self":[{"href":"https:\/\/www.anticalocanda.eu\/index.php?rest_route=\/wp\/v2\/pages\/14","targetHints":{"allow":["GET"]}}],"collection":[{"href":"https:\/\/www.anticalocanda.eu\/index.php?rest_route=\/wp\/v2\/pages"}],"about":[{"href":"https:\/\/www.anticalocanda.eu\/index.php?rest_route=\/wp\/v2\/types\/page"}],"author":[{"embeddable":true,"href":"https:\/\/www.anticalocanda.eu\/index.php?rest_route=\/wp\/v2\/users\/1"}],"replies":[{"embeddable":true,"href":"https:\/\/www.anticalocanda.eu\/index.php?rest_route=%2Fwp%2Fv2%2Fcomments&post=14"}],"version-history":[{"count":32,"href":"https:\/\/www.anticalocanda.eu\/index.php?rest_route=\/wp\/v2\/pages\/14\/revisions"}],"predecessor-version":[{"id":372,"href":"https:\/\/www.anticalocanda.eu\/index.php?rest_route=\/wp\/v2\/pages\/14\/revisions\/372"}],"wp:attachment":[{"href":"https:\/\/www.anticalocanda.eu\/index.php?rest_route=%2Fwp%2Fv2%2Fmedia&parent=14"}],"curies":[{"name":"wp","href":"https:\/\/api.w.org\/{rel}","templated":true}]}}